{"id":739,"date":"2021-11-16T21:55:39","date_gmt":"2021-11-17T00:55:39","guid":{"rendered":"https:\/\/isfd43rp-bue.infd.edu.ar\/sitio\/?page_id=739"},"modified":"2024-12-30T10:13:05","modified_gmt":"2024-12-30T13:13:05","slug":"carreras","status":"publish","type":"page","link":"https:\/\/isfdyt242-bue.infd.edu.ar\/sitio\/carreras\/","title":{"rendered":"CARRERAS 2025"},"content":{"rendered":"\n<figure class=\"wp-block-image size-full is-resized\"><img decoding=\"async\" loading=\"lazy\" src=\"https:\/\/isfdyt242-bue.infd.edu.ar\/sitio\/wp-content\/uploads\/2024\/12\/carreras-2025.jpg\" alt=\"\" class=\"wp-image-1363\" width=\"487\" height=\"234\"\/><\/figure>\n\n\n\n<h3 class=\"wp-block-heading has-black-color has-text-color\"><strong>CARRERAS  PARA EL CICLO LECTIVO 202<\/strong>5<\/h3>\n\n\n\n<p><strong>CARRERAS AUTORIZADAS POR LA D.E.S. PARA EL CICLO LECTIVO 202<\/strong>5<\/p>\n\n\n\n<p class=\"has-text-align-center has-text-color\" style=\"color:#149ef5db;font-size:25px\"><strong>DISPOSICI\u00d3N N\u00b0 61\/2024<\/strong><\/p>\n\n\n\n<p>ATENCI\u00d3N<img decoding=\"async\" loading=\"lazy\" height=\"16\" width=\"16\" src=\"https:\/\/static.xx.fbcdn.net\/images\/emoji.php\/v9\/t77\/1\/16\/203c.png\" alt=\"&#x203c;&#xfe0f;\">:<\/p>\n\n\n\n<p><img decoding=\"async\" loading=\"lazy\" height=\"16\" width=\"16\" src=\"https:\/\/static.xx.fbcdn.net\/images\/emoji.php\/v9\/t33\/1\/16\/2705.png\" alt=\"&#x2705;&#xfe0f;\">Presentamos la Propuesta para el Ciclo Lectivo 2025 del I.S.F.D y T. N\u00b0242 NAVARRO<\/p>\n\n\n\n<p><img decoding=\"async\" loading=\"lazy\" height=\"16\" width=\"16\" src=\"https:\/\/static.xx.fbcdn.net\/images\/emoji.php\/v9\/t33\/1\/16\/2705.png\" alt=\"&#x2705;&#xfe0f;\">Tecnicatura Superior en Administraci\u00f3n Agropecuaria\u2013<strong>Res. N\u00b0&nbsp;<a href=\"https:\/\/drive.google.com\/file\/d\/1nM5YaxS2JoZcKh8LjoIG8ZyYziqpD9Gb\/view?usp=sharing\" data-type=\"URL\" data-id=\"https:\/\/drive.google.com\/file\/d\/1nM5YaxS2JoZcKh8LjoIG8ZyYziqpD9Gb\/view?usp=sharing\">5032\/19<\/a>&nbsp;+<a href=\"https:\/\/isfdyt242-bue.infd.edu.ar\/sitio\/tec-superior-en-administracion-agropecuaria\/\" data-type=\"URL\" data-id=\"https:\/\/isfdyt242-bue.infd.edu.ar\/sitio\/tec-superior-en-administracion-agropecuaria\/\" target=\"_blank\" rel=\"noreferrer noopener\">Info<\/a><\/strong><\/p>\n\n\n\n<p><img decoding=\"async\" loading=\"lazy\" height=\"16\" width=\"16\" src=\"https:\/\/static.xx.fbcdn.net\/images\/emoji.php\/v9\/t33\/1\/16\/2705.png\" alt=\"&#x2705;&#xfe0f;\">Profesor\/a de Educaci\u00f3n Secundaria T\u00e9cnico Profesional en Producci\u00f3n Agropecuaria \u2013<strong>Res. N<\/strong>\u00b0&nbsp;<a href=\"https:\/\/drive.google.com\/file\/d\/1kURYcTiA6EvkiwsEZNct22BeiAPJswTl\/view?usp=drive_link\" data-type=\"URL\" data-id=\"https:\/\/drive.google.com\/file\/d\/1kURYcTiA6EvkiwsEZNct22BeiAPJswTl\/view?usp=drive_link\"><strong>5743\/23<\/strong><\/a>&nbsp;<strong>+<a rel=\"noreferrer noopener\" href=\"https:\/\/isfdyt242-bue.infd.edu.ar\/sitio\/profesorado-en-quimica\/\" data-type=\"URL\" data-id=\"https:\/\/isfdyt242-bue.infd.edu.ar\/sitio\/profesorado-en-quimica\/\" target=\"_blank\">Info<\/a><\/strong><\/p>\n\n\n\n<p><img decoding=\"async\" loading=\"lazy\" height=\"16\" width=\"16\" src=\"https:\/\/static.xx.fbcdn.net\/images\/emoji.php\/v9\/t33\/1\/16\/2705.png\" alt=\"&#x2705;&#xfe0f;\">Profesorado de Educaci\u00f3n Secundaria en Econom\u00eda\u2013 Res.<strong> <a href=\"https:\/\/drive.google.com\/file\/d\/1zZQ4QZh54ifbsETxRwjCZPbD3G9_hh7v\/view?usp=sharing\" data-type=\"URL\" data-id=\"https:\/\/drive.google.com\/file\/d\/1zZQ4QZh54ifbsETxRwjCZPbD3G9_hh7v\/view?usp=sharing\">N\u00b0 3606\/22<\/a><\/strong> &nbsp;<strong>Nuevo Dise\u00f1o Curricular 2023 +Info<\/strong>.<\/p>\n\n\n\n<p><\/p>\n\n\n\n<p class=\"has-text-color\" style=\"color:#16c8f5e8;font-size:30px\"><strong>INSCRIPCIONES A 1\u00b0 A\u00d1O A PARTIR DE&nbsp;23 DE DICIEMBRE 2024<\/strong><\/p>\n\n\n\n<h5 class=\"wp-block-heading has-text-color\" style=\"color:#0fbff5ed\"><strong>\u2014\u2013MATRICULACI\u00d3N A CURSOS SUPERIORES (2\u00b0 y 3\u00b0 A\u00d1O) A PARTIR DEL 10 DE MARZO 2025 \u2014\u2013<\/strong><\/h5>\n\n\n\n<h5 class=\"wp-block-heading has-text-color\" style=\"color:#0fb7f5e0\"><strong>\u2013 Debe entregar la documentaci\u00f3n requerida para confirmar la inscripci\u00f3n \u2013<\/strong><\/h5>\n\n\n\n<p><strong>Los aspirantes a las distintas carreras del ISFDyT N\u00ba 242 realizar\u00e1n su ingreso en 3 etapas, a realizarse en&nbsp; diciembre de 2024 y\/o febrero\/marzo de 2025, por favor, lea atentamente cada paso hasta el final de la p\u00e1gina.<\/strong><\/p>\n\n\n\n<p class=\"has-contrast-color has-text-color\"><strong>1\u00ba Etapa: Pre-Inscripci\u00f3n Institucional  OBLIGATORIA&nbsp;<\/strong>      <\/p>\n\n\n\n<p class=\"has-text-color\" style=\"color:#0f8cf2e3\"><a href=\"https:\/\/drive.google.com\/file\/d\/1dWh-LK490jw7xGvGQwAtG7sdKFNcof_g\/view?usp=drive_link\">Ficha de Inscripci\u00f3n<\/a><\/p>\n\n\n\n<p><strong>2\u00ba Etapa: Preparar Documentaci\u00f3n a presentar que se encuentra detallada a continuaci\u00f3n.  <\/strong><\/p>\n\n\n\n<p class=\"has-text-color\" style=\"color:#0a97fce8\"><strong>(Detalles y formularios en la gu\u00eda de Inscripci\u00f3n)<\/strong><\/p>\n\n\n\n<p class=\"has-contrast-color has-text-color\"><strong>3\u00ba Etapa:<\/strong>  <\/p>\n\n\n\n<p class=\"has-text-color\" style=\"color:#079ef5e8\"> <strong>Inscripci\u00f3n (Entrega de Documentaci\u00f3n de forma presencial en la Instituci\u00f3n seg\u00fan d\u00edas y horarios indicados en la gu\u00eda de inscripci\u00f3n).<\/strong><\/p>\n\n\n\n<p class=\"has-large-font-size\">\u2014\u2014-&gt;&nbsp;<a href=\"https:\/\/drive.google.com\/file\/d\/1UEz2tXjZV9dVDZCUb4hb6SBroKYHhmh-\/view?usp=drive_link\" data-type=\"URL\" data-id=\"https:\/\/drive.google.com\/file\/d\/1UEz2tXjZV9dVDZCUb4hb6SBroKYHhmh-\/view?usp=drive_link\">DESCARGAR GU\u00cdA COMPLETA DE INSCRIPCI\u00d3N<\/a><a href=\"https:\/\/drive.google.com\/file\/d\/1emEG7fB2rHmWCFdPs5ia368BF3alUTno\/view?usp=share_link\" data-type=\"URL\" data-id=\"https:\/\/drive.google.com\/file\/d\/1emEG7fB2rHmWCFdPs5ia368BF3alUTno\/view?usp=share_link\">&nbsp;<\/a>&lt;\u2014\u2014\u2013<\/p>\n","protected":false},"excerpt":{"rendered":"<p>CARRERAS PARA EL CICLO LECTIVO 2025 CARRERAS AUTORIZADAS POR LA D.E.S. PARA EL CICLO LECTIVO 2025 DISPOSICI\u00d3N N\u00b0 61\/2024 ATENCI\u00d3N: Presentamos la Propuesta para el Ciclo Lectivo 2025 del I.S.F.D y T. N\u00b0242 NAVARRO Tecnicatura Superior en Administraci\u00f3n Agropecuaria\u2013Res. N\u00b0&nbsp;5032\/19&nbsp;+Info Profesor\/a de Educaci\u00f3n Secundaria T\u00e9cnico Profesional en Producci\u00f3n Agropecuaria \u2013Res. N\u00b0&nbsp;5743\/23&nbsp;+Info Profesorado de Educaci\u00f3n Secundaria &#8230; <a title=\"CARRERAS 2025\" class=\"read-more\" href=\"https:\/\/isfdyt242-bue.infd.edu.ar\/sitio\/carreras\/\" aria-label=\"More on CARRERAS 2025\">[+]<\/a><\/p>\n","protected":false},"author":12,"featured_media":0,"parent":0,"menu_order":0,"comment_status":"closed","ping_status":"closed","template":"","meta":[],"acf":[],"_links":{"self":[{"href":"https:\/\/isfdyt242-bue.infd.edu.ar\/sitio\/wp-json\/wp\/v2\/pages\/739"}],"collection":[{"href":"https:\/\/isfdyt242-bue.infd.edu.ar\/sitio\/wp-json\/wp\/v2\/pages"}],"about":[{"href":"https:\/\/isfdyt242-bue.infd.edu.ar\/sitio\/wp-json\/wp\/v2\/types\/page"}],"author":[{"embeddable":true,"href":"https:\/\/isfdyt242-bue.infd.edu.ar\/sitio\/wp-json\/wp\/v2\/users\/12"}],"replies":[{"embeddable":true,"href":"https:\/\/isfdyt242-bue.infd.edu.ar\/sitio\/wp-json\/wp\/v2\/comments?post=739"}],"version-history":[{"count":19,"href":"https:\/\/isfdyt242-bue.infd.edu.ar\/sitio\/wp-json\/wp\/v2\/pages\/739\/revisions"}],"predecessor-version":[{"id":1373,"href":"https:\/\/isfdyt242-bue.infd.edu.ar\/sitio\/wp-json\/wp\/v2\/pages\/739\/revisions\/1373"}],"wp:attachment":[{"href":"https:\/\/isfdyt242-bue.infd.edu.ar\/sitio\/wp-json\/wp\/v2\/media?parent=739"}],"curies":[{"name":"wp","href":"https:\/\/api.w.org\/{rel}","templated":true}]}}