{"id":742,"date":"2021-11-16T21:57:58","date_gmt":"2021-11-17T00:57:58","guid":{"rendered":"https:\/\/isfd43rp-bue.infd.edu.ar\/sitio\/?page_id=742"},"modified":"2025-05-16T21:01:40","modified_gmt":"2025-05-17T00:01:40","slug":"noticias","status":"publish","type":"page","link":"https:\/\/isfdyt242-bue.infd.edu.ar\/sitio\/noticias\/","title":{"rendered":"NOTICIAS"},"content":{"rendered":"\n<p class=\"has-accent-color has-text-color\"><strong>1\u00b0 JORNADA DE EDUCACI\u00d3N DIGITAL<\/strong><\/p>\n\n\n\n<p>En Septiembre del 2024 Nuestro Instituto tuvo el placer de poder participar en las 1eras Jornadas de Educaci\u00f3n Digital.<\/p>\n\n\n\n<p>Siendo el \u00fanico representando a la Regi\u00f3n 10. Felicitamos por el Proyecto llevado a cavo por la Docente Merlo Daniela y sus alumnas del Profesorado de Educaci\u00f3n secundaria en Qu\u00edmica. Dejamos a continuaci\u00f3n im\u00e1genes publicadas y link para que puedan entrar a ver el Proyecto realizado.<\/p>\n\n\n\n<ul>\n<li><a href=\"https:\/\/educaciondigital.abc.gob.ar\/experiencias\/?_ejes_tematicos=integracion-de-tecnologias-en-el-aula\">Integraci\u00f3n de tecnolog\u00edas en el aula<\/a><\/li>\n\n\n\n<li><a href=\"https:\/\/educaciondigital.abc.gob.ar\/experiencias\/?_niveles=superior\">Superior<\/a><\/li>\n<\/ul>\n\n\n\n<ul>\n<li><a href=\"https:\/\/educaciondigital.abc.gob.ar\/tag\/impacto-educativo\/\">#Impacto educativo<\/a><\/li>\n\n\n\n<li><a href=\"https:\/\/educaciondigital.abc.gob.ar\/tag\/practicas-docentes\/\">#Pr\u00e1cticas Docentes<\/a><\/li>\n\n\n\n<li><a href=\"https:\/\/educaciondigital.abc.gob.ar\/tag\/proceso-de-ensenanza-aprendizaje\/\">#Proceso de ense\u00f1anza-aprendizaje<\/a><\/li>\n\n\n\n<li><a href=\"https:\/\/educaciondigital.abc.gob.ar\/tag\/tic\/\">#TIC<\/a><\/li>\n<\/ul>\n\n\n\n<figure class=\"wp-block-image size-full is-resized\"><img decoding=\"async\" loading=\"lazy\" src=\"https:\/\/isfdyt242-bue.infd.edu.ar\/sitio\/wp-content\/uploads\/2025\/05\/image-1.png\" alt=\"\" class=\"wp-image-1405\" width=\"898\" height=\"473\" srcset=\"https:\/\/isfdyt242-bue.infd.edu.ar\/sitio\/wp-content\/uploads\/2025\/05\/image-1.png 1366w, https:\/\/isfdyt242-bue.infd.edu.ar\/sitio\/wp-content\/uploads\/2025\/05\/image-1-1000x527.png 1000w, https:\/\/isfdyt242-bue.infd.edu.ar\/sitio\/wp-content\/uploads\/2025\/05\/image-1-768x405.png 768w\" sizes=\"(max-width: 898px) 100vw, 898px\" \/><\/figure>\n\n\n\n<figure class=\"wp-block-image size-full is-resized\"><img decoding=\"async\" loading=\"lazy\" src=\"https:\/\/isfdyt242-bue.infd.edu.ar\/sitio\/wp-content\/uploads\/2025\/05\/image-2.png\" alt=\"\" class=\"wp-image-1406\" width=\"840\" height=\"442\" srcset=\"https:\/\/isfdyt242-bue.infd.edu.ar\/sitio\/wp-content\/uploads\/2025\/05\/image-2.png 1366w, https:\/\/isfdyt242-bue.infd.edu.ar\/sitio\/wp-content\/uploads\/2025\/05\/image-2-1000x527.png 1000w, https:\/\/isfdyt242-bue.infd.edu.ar\/sitio\/wp-content\/uploads\/2025\/05\/image-2-768x405.png 768w\" sizes=\"(max-width: 840px) 100vw, 840px\" \/><\/figure>\n\n\n\n<figure class=\"wp-block-image size-full is-resized\"><img decoding=\"async\" loading=\"lazy\" src=\"https:\/\/isfdyt242-bue.infd.edu.ar\/sitio\/wp-content\/uploads\/2025\/05\/image-3.png\" alt=\"\" class=\"wp-image-1407\" width=\"845\" height=\"445\" srcset=\"https:\/\/isfdyt242-bue.infd.edu.ar\/sitio\/wp-content\/uploads\/2025\/05\/image-3.png 1366w, https:\/\/isfdyt242-bue.infd.edu.ar\/sitio\/wp-content\/uploads\/2025\/05\/image-3-1000x527.png 1000w, https:\/\/isfdyt242-bue.infd.edu.ar\/sitio\/wp-content\/uploads\/2025\/05\/image-3-768x405.png 768w\" sizes=\"(max-width: 845px) 100vw, 845px\" \/><\/figure>\n\n\n\n<figure class=\"wp-block-image size-full is-resized\"><img decoding=\"async\" loading=\"lazy\" src=\"https:\/\/isfdyt242-bue.infd.edu.ar\/sitio\/wp-content\/uploads\/2025\/05\/image-4.png\" alt=\"\" class=\"wp-image-1408\" width=\"831\" height=\"437\" srcset=\"https:\/\/isfdyt242-bue.infd.edu.ar\/sitio\/wp-content\/uploads\/2025\/05\/image-4.png 1366w, https:\/\/isfdyt242-bue.infd.edu.ar\/sitio\/wp-content\/uploads\/2025\/05\/image-4-1000x527.png 1000w, https:\/\/isfdyt242-bue.infd.edu.ar\/sitio\/wp-content\/uploads\/2025\/05\/image-4-768x405.png 768w\" sizes=\"(max-width: 831px) 100vw, 831px\" \/><\/figure>\n\n\n\n<figure class=\"wp-block-image size-full is-resized\"><img decoding=\"async\" loading=\"lazy\" src=\"https:\/\/isfdyt242-bue.infd.edu.ar\/sitio\/wp-content\/uploads\/2025\/05\/image-5.png\" alt=\"\" class=\"wp-image-1409\" width=\"831\" height=\"437\" srcset=\"https:\/\/isfdyt242-bue.infd.edu.ar\/sitio\/wp-content\/uploads\/2025\/05\/image-5.png 1366w, https:\/\/isfdyt242-bue.infd.edu.ar\/sitio\/wp-content\/uploads\/2025\/05\/image-5-1000x527.png 1000w, https:\/\/isfdyt242-bue.infd.edu.ar\/sitio\/wp-content\/uploads\/2025\/05\/image-5-768x405.png 768w\" sizes=\"(max-width: 831px) 100vw, 831px\" \/><\/figure>\n\n\n\n<figure class=\"wp-block-image size-full is-resized\"><img decoding=\"async\" loading=\"lazy\" src=\"https:\/\/isfdyt242-bue.infd.edu.ar\/sitio\/wp-content\/uploads\/2025\/05\/image-6.png\" alt=\"\" class=\"wp-image-1410\" width=\"832\" height=\"438\" srcset=\"https:\/\/isfdyt242-bue.infd.edu.ar\/sitio\/wp-content\/uploads\/2025\/05\/image-6.png 1366w, https:\/\/isfdyt242-bue.infd.edu.ar\/sitio\/wp-content\/uploads\/2025\/05\/image-6-1000x527.png 1000w, https:\/\/isfdyt242-bue.infd.edu.ar\/sitio\/wp-content\/uploads\/2025\/05\/image-6-768x405.png 768w\" sizes=\"(max-width: 832px) 100vw, 832px\" \/><\/figure>\n\n\n\n<figure class=\"wp-block-image size-full is-resized\"><img decoding=\"async\" loading=\"lazy\" src=\"https:\/\/isfdyt242-bue.infd.edu.ar\/sitio\/wp-content\/uploads\/2025\/05\/image-7.png\" alt=\"\" class=\"wp-image-1411\" width=\"834\" height=\"439\" srcset=\"https:\/\/isfdyt242-bue.infd.edu.ar\/sitio\/wp-content\/uploads\/2025\/05\/image-7.png 1366w, https:\/\/isfdyt242-bue.infd.edu.ar\/sitio\/wp-content\/uploads\/2025\/05\/image-7-1000x527.png 1000w, https:\/\/isfdyt242-bue.infd.edu.ar\/sitio\/wp-content\/uploads\/2025\/05\/image-7-768x405.png 768w\" sizes=\"(max-width: 834px) 100vw, 834px\" \/><\/figure>\n\n\n\n<p>Se anexa Link de la publicaci\u00f3n: <a href=\"https:\/\/educaciondigital.abc.gob.ar\/experiencias\/eres-un-homotecnicus-evolucionando-hacia-la-ensenanza-de-las-ciencias-naturales-en-la-era-digital\/\" data-type=\"URL\" data-id=\"https:\/\/educaciondigital.abc.gob.ar\/experiencias\/eres-un-homotecnicus-evolucionando-hacia-la-ensenanza-de-las-ciencias-naturales-en-la-era-digital\/\">https:\/\/educaciondigital.abc.gob.ar\/experiencias\/eres-un-homotecnicus-evolucionando-hacia-la-ensenanza-de-las-ciencias-naturales-en-la-era-digital\/<\/a><\/p>\n\n\n\n<p class=\"has-accent-color has-text-color\"><strong>PARA TRANSFORMAR LA ENSE\u00d1AZA EN EL AULA<\/strong><\/p>\n\n\n\n<p class=\"has-small-font-size\">Desde el Profesorado de Educaci\u00f3n Secundaria en Qu\u00edmica, en el marco del Espacio de Definici\u00f3n Institucional y el proyecto de extensi\u00f3n presentado en Feria ACTE 2024, compartimos diversas aplicaciones y sitios web dise\u00f1ados para enriquecer las clases de Ciencias Naturales, Fisicoqu\u00edmica y Qu\u00edmica.<br><br>Porque creemos que los recursos para transformar el aula est\u00e1n al alcance de todos, \u00a1te invitamos a conocer y utilizar estas herramientas para una ense\u00f1anza m\u00e1s din\u00e1mica y efectiva!<br><br><\/p>\n\n\n\n<figure class=\"wp-block-embed is-type-wp-embed is-provider-genially wp-block-embed-genially\"><div class=\"wp-block-embed__wrapper\">\n<iframe class=\"wp-embedded-content\" sandbox=\"allow-scripts\" security=\"restricted\" title=\"LISTA QU\u00cdMICA\" frameborder='0' width='1200' height='675' src='https:\/\/view.genially.com\/66fb35b2e5ecc373ac5d72cb#?secret=1qv1mtAQhT' data-secret='1qv1mtAQhT' scrolling='yes'><\/iframe>\n<\/div><\/figure>\n\n\n\n<p><\/p>\n\n\n\n<p><\/p>\n\n\n\n<p class=\"has-text-color\" style=\"color:#53c4fd\"><strong><mark style=\"background-color:rgba(0, 0, 0, 0)\" class=\"has-inline-color has-accent-color\">CRONOGRAMA DE ACTIVIDADES <\/mark><\/strong><\/p>\n\n\n\n<figure class=\"wp-block-image size-full\"><img decoding=\"async\" loading=\"lazy\" width=\"494\" height=\"542\" src=\"https:\/\/isfdyt242-bue.infd.edu.ar\/sitio\/wp-content\/uploads\/2025\/02\/cronograma-1-1.png\" alt=\"\" class=\"wp-image-1381\"\/><\/figure>\n\n\n\n<figure class=\"wp-block-image size-full\"><img decoding=\"async\" loading=\"lazy\" width=\"498\" height=\"339\" src=\"https:\/\/isfdyt242-bue.infd.edu.ar\/sitio\/wp-content\/uploads\/2025\/02\/cronograma-2-2.png\" alt=\"\" class=\"wp-image-1380\"\/><\/figure>\n\n\n\n<p class=\"has-text-color has-large-font-size\" style=\"color:#9fd6f2\"><strong>PROYECTO \u00abUN NOMBRE QUE NOS IDENTIFIQUE\u00bb<\/strong><\/p>\n\n\n\n<figure class=\"wp-block-image size-full is-resized\"><img decoding=\"async\" loading=\"lazy\" src=\"https:\/\/isfdyt242-bue.infd.edu.ar\/sitio\/wp-content\/uploads\/2023\/05\/WhatsApp-Image-2023-05-05-at-20.44.35-1.jpeg\" alt=\"\" class=\"wp-image-1262\" width=\"491\" height=\"491\" srcset=\"https:\/\/isfdyt242-bue.infd.edu.ar\/sitio\/wp-content\/uploads\/2023\/05\/WhatsApp-Image-2023-05-05-at-20.44.35-1.jpeg 1080w, https:\/\/isfdyt242-bue.infd.edu.ar\/sitio\/wp-content\/uploads\/2023\/05\/WhatsApp-Image-2023-05-05-at-20.44.35-1-1000x1000.jpeg 1000w, https:\/\/isfdyt242-bue.infd.edu.ar\/sitio\/wp-content\/uploads\/2023\/05\/WhatsApp-Image-2023-05-05-at-20.44.35-1-500x500.jpeg 500w, https:\/\/isfdyt242-bue.infd.edu.ar\/sitio\/wp-content\/uploads\/2023\/05\/WhatsApp-Image-2023-05-05-at-20.44.35-1-768x768.jpeg 768w\" sizes=\"(max-width: 491px) 100vw, 491px\" \/><figcaption class=\"wp-element-caption\"><a href=\"https:\/\/docs.google.com\/forms\/d\/e\/1FAIpQLScbfBLqWA9c6XYKwPpXyA0_MDYKK-73VdNaCf2ozi37-JVprQ\/viewform?usp=pp_url\" data-type=\"URL\" data-id=\"https:\/\/docs.google.com\/forms\/d\/e\/1FAIpQLScbfBLqWA9c6XYKwPpXyA0_MDYKK-73VdNaCf2ozi37-JVprQ\/viewform?usp=pp_url\"><strong>LINK PARA VOTAR<\/strong><\/a><\/figcaption><\/figure>\n\n\n\n<p class=\"has-text-align-center has-large-font-size\"><strong>ENCUESTA PARA LA ELECCI\u00d3N DE TECNICATURAS  PARA EL CICLO LECTIVO 2024<\/strong><\/p>\n\n\n\n<p><strong><a href=\"https:\/\/docs.google.com\/forms\/d\/e\/1FAIpQLSd_KoTlSNZdPfkRpfqLQddo-ywYA64OVMwr5ZRf4IaBUfxAjg\/viewform?usp=pp_url\" data-type=\"URL\" data-id=\"https:\/\/docs.google.com\/forms\/d\/e\/1FAIpQLSd_KoTlSNZdPfkRpfqLQddo-ywYA64OVMwr5ZRf4IaBUfxAjg\/viewform?usp=pp_url\">Encuesta Tecnicaturas de interes Ciclo Lectivo 2024<\/a><\/strong><\/p>\n","protected":false},"excerpt":{"rendered":"<p>1\u00b0 JORNADA DE EDUCACI\u00d3N DIGITAL En Septiembre del 2024 Nuestro Instituto tuvo el placer de poder participar en las 1eras Jornadas de Educaci\u00f3n Digital. Siendo el \u00fanico representando a la Regi\u00f3n 10. Felicitamos por el Proyecto llevado a cavo por la Docente Merlo Daniela y sus alumnas del Profesorado de Educaci\u00f3n secundaria en Qu\u00edmica. Dejamos &#8230; <a title=\"NOTICIAS\" class=\"read-more\" href=\"https:\/\/isfdyt242-bue.infd.edu.ar\/sitio\/noticias\/\" aria-label=\"More on NOTICIAS\">[+]<\/a><\/p>\n","protected":false},"author":12,"featured_media":0,"parent":0,"menu_order":0,"comment_status":"closed","ping_status":"closed","template":"","meta":[],"acf":[],"_links":{"self":[{"href":"https:\/\/isfdyt242-bue.infd.edu.ar\/sitio\/wp-json\/wp\/v2\/pages\/742"}],"collection":[{"href":"https:\/\/isfdyt242-bue.infd.edu.ar\/sitio\/wp-json\/wp\/v2\/pages"}],"about":[{"href":"https:\/\/isfdyt242-bue.infd.edu.ar\/sitio\/wp-json\/wp\/v2\/types\/page"}],"author":[{"embeddable":true,"href":"https:\/\/isfdyt242-bue.infd.edu.ar\/sitio\/wp-json\/wp\/v2\/users\/12"}],"replies":[{"embeddable":true,"href":"https:\/\/isfdyt242-bue.infd.edu.ar\/sitio\/wp-json\/wp\/v2\/comments?post=742"}],"version-history":[{"count":14,"href":"https:\/\/isfdyt242-bue.infd.edu.ar\/sitio\/wp-json\/wp\/v2\/pages\/742\/revisions"}],"predecessor-version":[{"id":1413,"href":"https:\/\/isfdyt242-bue.infd.edu.ar\/sitio\/wp-json\/wp\/v2\/pages\/742\/revisions\/1413"}],"wp:attachment":[{"href":"https:\/\/isfdyt242-bue.infd.edu.ar\/sitio\/wp-json\/wp\/v2\/media?parent=742"}],"curies":[{"name":"wp","href":"https:\/\/api.w.org\/{rel}","templated":true}]}}