{"id":917,"date":"2021-11-17T20:04:32","date_gmt":"2021-11-17T23:04:32","guid":{"rendered":"https:\/\/isfd43rp-bue.infd.edu.ar\/sitio\/?page_id=917"},"modified":"2022-03-28T19:50:52","modified_gmt":"2022-03-28T22:50:52","slug":"secciones","status":"publish","type":"page","link":"https:\/\/isfdyt242-bue.infd.edu.ar\/sitio\/secciones\/","title":{"rendered":"SECCIONES"},"content":{"rendered":"\n<p><strong>El Instituto<\/strong><\/p>\n\n\n\n<ul><li><a href=\"https:\/\/isfdyt242-bue.infd.edu.ar\/sitio\/datos\/\" data-type=\"URL\" data-id=\"https:\/\/isfdyt242-bue.infd.edu.ar\/sitio\/datos\/\">Datos<\/a><\/li><li><a href=\"https:\/\/isfdyt242-bue.infd.edu.ar\/sitio\/ubicacion\/\" data-type=\"URL\" data-id=\"https:\/\/isfdyt242-bue.infd.edu.ar\/sitio\/ubicacion\/\">Ubicaci\u00f3n<\/a><\/li><\/ul>\n\n\n\n<p><strong>Gobierno Institucional<\/strong><\/p>\n\n\n\n<ul><li><a href=\"https:\/\/isfdyt242-bue.infd.edu.ar\/sitio\/autoridades\/\" data-type=\"URL\" data-id=\"https:\/\/isfdyt242-bue.infd.edu.ar\/sitio\/autoridades\/\">Autoridades<\/a><\/li><li><a href=\"https:\/\/isfdyt242-bue.infd.edu.ar\/sitio\/c-a-i\/\" data-type=\"URL\" data-id=\"https:\/\/isfdyt242-bue.infd.edu.ar\/sitio\/c-a-i\/\">C.A.I<\/a><\/li><li><a href=\"https:\/\/isfdyt242-bue.infd.edu.ar\/sitio\/cooperadora\/\" data-type=\"URL\" data-id=\"https:\/\/isfdyt242-bue.infd.edu.ar\/sitio\/cooperadora\/\">Cooperadora<\/a><\/li><\/ul>\n\n\n\n<p><strong>Organizaci\u00f3n y Gesti\u00f3n Institucional<\/strong><\/p>\n\n\n\n<ul><li><a href=\"https:\/\/isfdyt242-bue.infd.edu.ar\/sitio\/normativas\/\" data-type=\"URL\" data-id=\"https:\/\/isfdyt242-bue.infd.edu.ar\/sitio\/normativas\/\">Normativas<\/a><\/li><li><a href=\"https:\/\/isfdyt242-bue.infd.edu.ar\/sitio\/biblioteca\/\" data-type=\"URL\" data-id=\"https:\/\/isfdyt242-bue.infd.edu.ar\/sitio\/biblioteca\/\">Biblioteca<\/a><\/li><\/ul>\n\n\n\n<p><strong>Carreras Docentes<\/strong><\/p>\n\n\n\n<ul><li>Ciencias Naturales: <a href=\"https:\/\/isfdyt242-bue.infd.edu.ar\/sitio\/profesorado-en-quimica\/\" data-type=\"URL\" data-id=\"https:\/\/isfdyt242-bue.infd.edu.ar\/sitio\/profesorado-en-quimica\/\">Orientaci\u00f3n Qu\u00edmica<\/a><\/li><\/ul>\n\n\n\n<p><strong>Carreras T\u00e9cnicas<\/strong><\/p>\n\n\n\n<ul><li>Econom\u00eda: <a href=\"https:\/\/isfdyt242-bue.infd.edu.ar\/sitio\/tecnicatura-en-administracion-general\/\" data-type=\"URL\" data-id=\"https:\/\/isfdyt242-bue.infd.edu.ar\/sitio\/tecnicatura-en-administracion-general\/\">Orientaci\u00f3n Administraci\u00f3n General<\/a><\/li><\/ul>\n\n\n\n<p><a href=\"https:\/\/isfdyt242-bue.infd.edu.ar\/sitio\/equivalencias\/\" data-type=\"URL\" data-id=\"https:\/\/isfdyt242-bue.infd.edu.ar\/sitio\/equivalencias\/\"><strong>Equivalencias<\/strong><\/a><\/p>\n\n\n\n<p><strong>Inscripciones<\/strong><\/p>\n\n\n\n<ul><li><a href=\"https:\/\/isfdyt242-bue.infd.edu.ar\/sitio\/carreras-2022\/\" data-type=\"URL\" data-id=\"https:\/\/isfdyt242-bue.infd.edu.ar\/sitio\/carreras-2022\/\">Carreras 2022<\/a><\/li><li><a href=\"https:\/\/isfdyt242-bue.infd.edu.ar\/sitio\/finales-noviembre-diciembre\/\" data-type=\"URL\" data-id=\"https:\/\/isfdyt242-bue.infd.edu.ar\/sitio\/finales-noviembre-diciembre\/\">Finales<\/a><\/li><\/ul>\n\n\n\n<p><strong><a href=\"https:\/\/isfdyt242-bue.infd.edu.ar\/sitio\/proyectos-institucionales\/\" data-type=\"URL\" data-id=\"https:\/\/isfdyt242-bue.infd.edu.ar\/sitio\/proyectos-institucionales\/\">Proyectos Institucionales<\/a><\/strong><\/p>\n","protected":false},"excerpt":{"rendered":"<p>El Instituto Datos Ubicaci\u00f3n Gobierno Institucional Autoridades C.A.I Cooperadora Organizaci\u00f3n y Gesti\u00f3n Institucional Normativas Biblioteca Carreras Docentes Ciencias Naturales: Orientaci\u00f3n Qu\u00edmica Carreras T\u00e9cnicas Econom\u00eda: Orientaci\u00f3n Administraci\u00f3n General Equivalencias Inscripciones Carreras 2022 Finales Proyectos Institucionales<\/p>\n","protected":false},"author":12,"featured_media":0,"parent":0,"menu_order":0,"comment_status":"closed","ping_status":"closed","template":"","meta":[],"acf":[],"_links":{"self":[{"href":"https:\/\/isfdyt242-bue.infd.edu.ar\/sitio\/wp-json\/wp\/v2\/pages\/917"}],"collection":[{"href":"https:\/\/isfdyt242-bue.infd.edu.ar\/sitio\/wp-json\/wp\/v2\/pages"}],"about":[{"href":"https:\/\/isfdyt242-bue.infd.edu.ar\/sitio\/wp-json\/wp\/v2\/types\/page"}],"author":[{"embeddable":true,"href":"https:\/\/isfdyt242-bue.infd.edu.ar\/sitio\/wp-json\/wp\/v2\/users\/12"}],"replies":[{"embeddable":true,"href":"https:\/\/isfdyt242-bue.infd.edu.ar\/sitio\/wp-json\/wp\/v2\/comments?post=917"}],"version-history":[{"count":2,"href":"https:\/\/isfdyt242-bue.infd.edu.ar\/sitio\/wp-json\/wp\/v2\/pages\/917\/revisions"}],"predecessor-version":[{"id":1032,"href":"https:\/\/isfdyt242-bue.infd.edu.ar\/sitio\/wp-json\/wp\/v2\/pages\/917\/revisions\/1032"}],"wp:attachment":[{"href":"https:\/\/isfdyt242-bue.infd.edu.ar\/sitio\/wp-json\/wp\/v2\/media?parent=917"}],"curies":[{"name":"wp","href":"https:\/\/api.w.org\/{rel}","templated":true}]}}